, -5*m + 189 = 2*v. What is the highest common factor of m and 2301?
39
Suppose 5*l - 285 = 5*m, 5*l - l = 3*m + 225. Let u be ((-18)/4)/(3/(-54)). Calculate the highest common divisor of u and l.
27
Let a = 625 - 623. Calculate the highest common factor of 4 and a.
2
Suppose 98 = 3*t - h, -4*h = -t - 0 + 40. Calculate the highest common divisor of t and 4.
4
Let i be 53*3 - (-3 - -5). Let c be -2*1 + i + -1. Suppose 3 + 12 = 5*w, 5*m - 85 = -5*w. What is the greatest common divisor of m and c?
14
Suppose 10 = -0*b + 2*b. Let p(l) = -1. Let t(f) = 73*f - 6. Let v(n) = b*p(n) - t(n). Let x be v(-3). What is the highest common divisor of 22 and x?
22
Suppose 0 = 5*c - n - 1535, 0 = 5*c - 2*n - 536 - 994. Calculate the greatest common factor of 56 and c.
28
Let h(a) = a**3 + 18*a**2 - 8*a - 18. Let z be h(-17). Let s(l) = -12*l + 1. Let x be s(-3). What is the highest common factor of z and x?
37
Suppose -k - 4 = 0, 3*n = -3*k - 0 - 3. Suppose -80 = -n*j + 2*j. Suppose 0 = u - 6*u + 80. Calculate the highest common factor of j and u.
16
Suppose 104*n - 94*n = 80. What is the highest common divisor of n and 132?
4
Suppose -688 = -71*d + 67*d. What is the highest common divisor of 20 and d?
4
Let v(p) = -p**2 + 1. Let o(w) = -50*w**2 + 4*w. Let c(j) = -o(j) - 3*v(j). Let s be c(-1). Calculate the highest common factor of 72 and s.
18
Suppose 4 + 13 = u + 5*b, 2*u + 3*b = 13. Let y be (14/(-28))/(u/(-4)). Let m be 4/(-18) + 141/27. Calculate the greatest common divisor of m and y.
1
Let l(q) be the first derivative of q**3/3 - 2*q**2 - 7*q + 3. Let t be l(8). Calculate the highest common factor of 5 and t.
5
Let t(k) = k**2 - k. Let p be t(-3). Let n(w) = 3*w**2 + 46*w + 220. Let g be n(-10). Calculate the greatest common divisor of p and g.
12
Suppose 4*m - 23 = 5. Let c(q) = q - 5. Let u be c(m). Suppose u*o = -2*o + 24. What is the highest common divisor of o and 42?
6
Let q be (-2100)/(-294) + 12/14. Calculate the highest common divisor of 56 and q.
8
Let b = 3444 + -347. What is the highest common factor of b and 19?
19
Let y = -4 + 4. Let t be (0 - y - 1) + 33. Suppose 5*p - 5*h = 60, h + 12 = 4*p + 6*h. What is the highest common divisor of p and t?
8
Suppose l + y - 14 = 2*y, -48 = -3*l + y. Suppose -22*p = -l*p - 250. Calculate the highest common factor of 20 and p.
10
Suppose 452*q = 433*q + 209. Calculate the greatest common divisor of 121 and q.
11
Let q be 4446/10 + 4/10. Suppose 0 = 4*z - 155 - q. What is the highest common factor of z and 60?
30
Let m = -156 + 161. Let l = 24 - 4. What is the highest common divisor of l and m?
5
Suppose 5*x - 2795 = 3*y, 13*y - 559 = -x + 11*y. What is the greatest common factor of x and 43?
43
Let y = 15 + 0. Let q(k) = y*k - 3*k**2 + 25*k + k**3 - 6 - 38*k. Let i be q(4). Calculate the greatest common factor of i and 6.
6
Let v = -279 + 342. What is the greatest common divisor of 27 and v?
9
Let o be 1/(-2) - 78/(-4). Suppose -93*f + 95*f - 4*q - 442 = 0, -48 = 8*q. What is the highest common divisor of o and f?
19
Suppose 2*m + 118 = -x, 5*m + 34 = 2*x + 297. Let f be 1 + x/(-20) + (-1)/5. What is the greatest common factor of 28 and f?
7
Let w = 42 - 37. Suppose 1 = w*u + 11, u = 4*g - 178. What is the greatest common divisor of g and 4?
4
Let i be 1/21*-9 - 248/(-7). Calculate the highest common factor of i and 15.
5
Let b(u) = u**3 + 10*u**2 - 13*u - 1. Let d be b(-10). Suppose 4*n = 4*i + 2*n - 534, -i + d = -2*n. Calculate the highest common factor of 15 and i.
15
Suppose 0 = 14*i + 320 + 3194. Let t = -155 - i. What is the highest common divisor of 48 and t?
48
Let w(x) = 2*x - 40. Let d be w(34). Calculate the greatest common divisor of d and 8.
4
Suppose -23*q + 1176 = -17*q. Calculate the greatest common divisor of 147 and q.
49
Let o be 1 + (-2)/(-2 - -1). Suppose -o*h = -40 - 11. Suppose h*n = 16*n + 24. What is the highest common factor of n and 36?
12
Suppose 4*c = r + 252, -4*c + r + r = -256. Let l(i) = 20*i**3 - 2*i**2 + 3*i - 3. Let n be l(2). What is the highest common factor of n and c?
31
Let j(x) = 3*x**3 + 32*x**2 - 9*x - 3. Let c be j(-10). What is the greatest common factor of 82 and c?
41
Let m(b) be the third derivative of -143*b**4/24 - b**2. Suppose 2*h - 3*h - 1 = 0. Let l be m(h). What is the greatest common factor of l and 13?
13
Suppose 0 = 3*l - 528 - 255. Suppose -5*w + 59 = -l. Let o(q) = q + 3. Let a be o(5). Calculate the highest common divisor of w and a.
8
Suppose -2*d = -4, -4*k + 2*d + 9 = 1. Let b(v) = v - 1. Let h be b(0). Let t be (26 - 3/3) + h. Calculate the highest common factor of t and k.
3
Suppose 47 = 4*d + r - 0*r, 0 = 2*d - 5*r - 51. Suppose -5*g + 3*q - 5 = -0*q, 4*g = -q + d. What is the greatest common divisor of 10 and g?
2
Suppose 4*r + 7 = 3*f, 0 = -2*f + 2*r + 8. Suppose 3*m + f = 0, -4*o = -5*m - 0*m - 411. Calculate the greatest common divisor of o and 9.
9
Let o = 20 + -25. Let n be (-30)/(-4)*o/((-10)/24). Let r(q) = -2*q + 2. Let s be r(-8). What is the greatest common factor of s and n?
18
Let r = 811 - 727. What is the greatest common divisor of 126 and r?
42
Let d be 194/97*(-1 + 2)*162. Calculate the greatest common factor of d and 12.
12
Let n(h) = h**2 - 4*h + 1. Let r be n(7). Let j(s) = -2*s**3 - 8*s**2 - 16*s - 8. Let m be j(-3). Calculate the greatest common divisor of r and m.
22
Let n(z) = z**3 + 2*z**2 - 11*z - 3. Let r be n(3). What is the highest common divisor of r and 333?
9
Let k be (-2742)/(-24) + 3*(-2)/(-8). Suppose 0 = 5*d - 4*y + 1 - k, -4*d = -5*y - 93. What is the greatest common factor of d and 154?
22
Let b(t) = t**3 + 9*t**2 + 14*t + 30. Let f be b(-7). Calculate the greatest common factor of 48 and f.
6
Suppose -17*d = -14*d - 2*c - 104, -5*c + 46 = d. Suppose -h - 2*h = -12. What is the greatest common divisor of d and h?
4
Suppose 4*n = 3*t - 51, 8*t - 87 = 4*t - n. Suppose 5*o + 3*a = 125, 5*o - a - 150 = a. Calculate the greatest common factor of o and t.
7
Suppose -2*t + 5*s = -153, t = -8*s + 3*s + 99. Calculate the greatest common divisor of t and 60.
12
Suppose 40 = a + 4*r, 53 + 11 = 2*a + 4*r. Let l = -3 - -8. Let m = 8 - l. What is the greatest common factor of m and a?
3
Let w = -1324 + 1441. Calculate the greatest common divisor of 306 and w.
9
Suppose 0 = 3*k + a - 112, 0*k = 2*k - 4*a - 56. Suppose y - k = -2*y. Let p(l) = -45*l - 3. Let n be p(-3). Calculate the greatest common divisor of n and y.
12
Let l(n) = n**2 - 2*n - 2. Let y be l(4). Suppose 3*s = -y, -3*j + 2*s + 403 = 3*s. Calculate the greatest common divisor of 27 and j.
27
Let a(f) = -4*f**2 + 57*f - 9. Let g be a(14). Suppose -n = g*l - l + 8, 5*n - l - 23 = 0. What is the greatest common factor of n and 44?
4
Let b(y) = 18*y**3 + y**2 - y + 1. Let s be b(1). Suppose -13*f = -s*f + 6. Calculate the highest common factor of 9 and f.
1
Suppose -219 = -3*u + 57. Calculate the greatest common factor of 115 and u.
23
Let o(m) = -m - 1. Let b(w) = w - 1. Let v(s) = -b(s) + o(s). Let x be v(-6). Let l be ((-30)/(-4))/(x/144). What is the greatest common divisor of l and 36?
18
Let l = -241 + 357. Suppose -n + l = 28. What is the greatest common divisor of 132 and n?
44
Suppose -765*x = -766*x + 50. Calculate the highest common factor of 10 and x.
10
Let y(r) = -45*r + 190. Let z be y(3). What is the greatest common factor of z and 715?
55
Suppose 4*d - 6*d + 72 = 0. What is the highest common factor of d and 156?
12
Suppose 3*y = -3*y + 1710. What is the highest common factor of 171 and y?
57
Suppose -2*n = 5 - 5. Let u = n - -44. Suppose 4*w + w - 20 = 0. Calculate the highest common factor of w and u.
4
Suppose -1678 = -20*d + 822. What is the greatest common factor of d and 10?
5
Suppose 5*a - 11*a - 24 = 0. Let y be a - (3 - 22/1). What is the highest common divisor of y and 165?
15
Let a = 160 - 130. Calculate the greatest common divisor of a and 735.
15
Let t(b) = -2*b + 7. Let k be t(3). Let h be (k + -3)/(16/(-968)). What is the highest common factor of 11 and h?
11
Let v = 160 - 157. What is the highest common divisor of v and 69?
3
Suppose 5*z - 4*r = 20 - 3, 0 = -2*z - 5*r + 20. Suppose -z*s + 4*c = 5*c - 40, -c = -s + 8. Calculate the greatest common divisor of s and 32.
8
Let y be (1 + 1)*715/22. Let c = 79 - y. Wha